 factors of 190882727?
7, 23, 29, 40883
What are the prime factors of 224790262?
2, 112395131
List the prime factors of 246683324.
2, 61670831
List the prime factors of 593658575.
5, 139, 170837
List the prime factors of 1013828003.
1013828003
What are the prime factors of 201207401?
107, 577, 3259
List the prime factors of 243163753.
7, 29, 43, 89, 313
List the prime factors of 158047917.
3, 71, 742009
List the prime factors of 42796526.
2, 3541, 6043
What are the prime factors of 22007071?
22007071
What are the prime factors of 1231098703?
3877, 317539
List the prime factors of 851295468.
2, 3, 17, 79, 101, 523
List the prime factors of 375348298.
2, 13, 47, 409, 751
What are the prime factors of 4858443596?
2, 149, 8151751
List the prime factors of 128248616.
2, 727, 22051
List the prime factors of 69290987.
2473, 28019
What are the prime factors of 2779311373?
2779311373
List the prime factors of 38890969.
13, 73, 107, 383
List the prime factors of 1328818048.
2, 19, 29, 83, 227
What are the prime factors of 332499244?
2, 7, 11, 47, 103, 223
What are the prime factors of 22430297?
283, 79259
List the prime factors of 2907537593.
29, 100259917
What are the prime factors of 385672037?
385672037
What are the prime factors of 75600703?
75600703
What are the prime factors of 41546411?
41546411
What are the prime factors of 106956116?
2, 26739029
List the prime factors of 2356751548.
2, 17, 2017, 17183
What are the prime factors of 397646087?
11969, 33223
List the prime factors of 4189612505.
5, 13, 64455577
What are the prime factors of 1608441109?
11, 971, 150589
What are the prime factors of 30796117?
11, 2799647
What are the prime factors of 3563040827?
16529, 215563
List the prime factors of 1167903442.
2, 53, 11017957
What are the prime factors of 22592818?
2, 991, 11399
List the prime factors of 2559531927.
3, 853177309
What are the prime factors of 680793642?
2, 3, 229, 165161
List the prime factors of 38019459.
3, 1931, 6563
What are the prime factors of 27261045?
3, 5, 7, 37, 2339
List the prime factors of 519211635.
3, 5, 2557, 13537
List the prime factors of 768378575.
5, 127, 242009
List the prime factors of 55802707.
173, 322559
List the prime factors of 480504142.
2, 59, 1459, 2791
List the prime factors of 64989888.
2, 3, 31, 61, 179
List the prime factors of 795912099.
3, 265304033
What are the prime factors of 61296570?
2, 3, 5, 463, 1471
What are the prime factors of 51731775?
3, 5, 19, 12101
List the prime factors of 5624105.
5, 1031, 1091
What are the prime factors of 40377583?
499, 80917
List the prime factors of 10599255.
3, 5, 26171
What are the prime factors of 5472026621?
5472026621
What are the prime factors of 1234086190?
2, 5, 123408619
What are the prime factors of 146616173?
11, 521, 25583
List the prime factors of 55985664.
2, 3, 7, 41, 127
What are the prime factors of 449706219?
3, 17, 29, 53, 5737
What are the prime factors of 107757932?
2, 26939483
List the prime factors of 535656989.
7, 97, 788891
List the prime factors of 124840043.
1559, 80077
List the prime factors of 37337165.
5, 23, 149, 2179
What are the prime factors of 35461912?
2, 4432739
List the prime factors of 2235034.
2, 241, 4637
What are the prime factors of 7733042048?
2, 60414391
List the prime factors of 75524875.
5, 197, 3067
What are the prime factors of 11460258?
2, 3, 212227
What are the prime factors of 816628206?
2, 3, 397, 342833
What are the prime factors of 464851201?
464851201
List the prime factors of 105497612.
2, 11, 109, 21997
List the prime factors of 32195602.
2, 1283, 12547
What are the prime factors of 207532444?
2, 7, 1058839
List the prime factors of 89818878.
2, 3, 14969813
What are the prime factors of 1210371000?
2, 3, 5, 313, 1289
List the prime factors of 178761831.
3, 83, 717919
What are the prime factors of 74316743?
107, 694549
What are the prime factors of 2800362535?
5, 560072507
List the prime factors of 9442204.
2, 2360551
What are the prime factors of 3180663?
3, 157, 2251
What are the prime factors of 625365653?
11, 23, 127, 19463
What are the prime factors of 2142192666?
2, 3, 357032111
List the prime factors of 61762541.
83, 744127
List the prime factors of 75979572.
2, 3, 2383, 2657
What are the prime factors of 485716338?
2, 3, 691, 4339
What are the prime factors of 47179620?
2, 3, 5, 262109
What are the prime factors of 169160292?
2, 3, 7, 223757
What are the prime factors of 482650614?
2, 3, 47, 570509
List the prime factors of 81167298.
2, 3, 3511, 3853
What are the prime factors of 780663452?
2, 31, 41, 43, 3571
List the prime factors of 109231092.
2, 3, 53, 6361
What are the prime factors of 34503953?
11, 151, 20773
List the prime factors of 47836623.
3, 17, 19, 49367
List the prime factors of 1098526586.
2, 3301, 166393
List the prime factors of 84583900.
2, 5, 223, 3793
What are the prime factors of 182961481?
23, 283, 28109
List the prime factors of 1729201433.
23, 75182671
List the prime factors of 154818785.
5, 11, 103, 27329
What are the prime factors of 124710907?
2857, 43651
List the prime factors of 146176844.
2, 11, 1361, 2441
What are the prime factors of 294127044?
2, 3, 24510587
What are the prime factors of 29098406?
2, 14549203
What are the prime factors of 17548601?
7, 43, 173, 337
What are the prime factors of 26432724?
2, 3, 19, 115933
What are the prime factors of 910004465?
5, 182000893
What are the prime factors of 122761040?
2, 5, 1534513
List the prime factors of 48401363.
17, 2847139
What are the prime factors of 1605358609?
359, 4471751
What are the prime factors of 26399210?
2, 5, 2639921
List the prime factors of 20223260.
2, 5, 1011163
List the prime factors of 1909637488.
2, 11, 37, 53, 503
List the prime factors of 1499412286.
2, 749706143
List the prime factors of 50259422.
2, 269, 93419
What are the prime factors of 155770403?
155770403
What are the prime factors of 2460424606?
2, 1230212303
What are the prime factors of 5733436763?
31, 8837, 20929
List the prime factors of 293825211.
3, 97941737
List the prime factors of 5547848240.
2, 5, 11, 263, 23971
What are the prime factors of 1042755220?
2, 5, 13, 4010597
What are the prime factors of 1327707413?
1327707413
List the prime factors of 2216052461.
7, 23, 131, 105071
List the prime factors of 2247512858.
2, 1123756429
List the prime factors of 2551218.
2, 3, 449, 947
List the prime factors of 753933673.
467, 3457
What are the prime factors of 4544068815?
3, 5, 11, 13, 31, 2531
List the prime factors of 385973801.
67, 5760803
What are the prime factors of 7441864762?
2, 89, 797, 52457
What are the prime factors of 3348369845?
5, 669673969
What are the prime factors of 8396730?
2, 3, 5, 137, 227
What are the prime factors of 160681460?
2, 5, 29, 41, 233
List the prime factors of 1346391838.
2, 11, 2971, 20599
List the prime factors of 1329194261.
53, 151, 307, 541
List the prime factors of 2982113041.
3251, 917291
What are the prime factors of 240179912?
2, 7, 19, 225733
What are the prime factors of 716485684?
2, 5791, 30931
List the prime factors of 4901643.
3, 544627
List the prime factors of 128838301.
128838301
What are the prime factors of 1841801408?
2, 47, 612301
What are the prime factors of 37087567?
11, 173, 19489
What are the prime factors of 29371502?
2, 257, 57143
List the prime factors of 53398645.
5, 19, 562091
List the prime factors of 172999404.
2, 3, 4805539
List the prime factors of 1704760700.
2, 5, 17047607
List the prime factors of 426612871.
19, 569, 39461
What are the prime factors of 3379441172?
2, 373, 1301, 1741
What are the prime factors of 355808739?
3, 11, 13, 89, 9319
List the prime factors of 182380093.
7, 139, 187441
List the prime factors of 1350946014.
2, 3, 11, 83, 246613
What are the prime factors of 1349965659?
3, 7, 64284079
List the prime factors of 146496991.
146496991
What are the prime factors of 383328108?
2, 3, 193, 55171
List the prime factors of 539788810.
2, 5, 11, 359, 13669
What are the prime factors of 287110807?
17, 58439
List the prime factors of 666567667.
71, 9388277
What are the prime factors of 32068777?
13, 2466829
List the prime factors of 1356121879.
7, 47, 317, 13003
List the prime factors of 175196308.
2, 7, 29, 359, 601
What are the prime factors